In base 13, what is 1458 - a150?
-89c5
In base 12, what is -177 + 487b5?
4863a
In base 7, what is 0 - 14001331?
-14001331
In base 16, what is -18 - -50b14?
50afc
In base 10, what is 12474 + -1479?
10995
In base 13, what is 645a - -81c?
6c79
In base 5, what is -4120111 - -1112?
-4113444
In base 2, what is -101 - 1010000100011010010010001101?
-1010000100011010010010010010
In base 15, what is -4 + -11ad284?
-11ad288
In base 8, what is -5 - -1035126001?
1035125774
In base 12, what is -1757 + -1428a?
-15a25
In base 13, what is 8cc + 143c8?
14cc7
In base 3, what is -110201 + -2211102202?
-2211220110
In base 6, what is 12101 - 2133?
5524
In base 14, what is 91 - 11d?
-6c
In base 15, what is 5b0d18 - d?
5b0d0a
In base 6, what is 120343533 + -342?
120343151
In base 3, what is 1020 + -1000122101210?
-1000122100120
In base 12, what is 2 - -1123000?
1123002
In base 9, what is -41464 - 614?
-42178
In base 3, what is 120 - 20220100121000?
-20220100120110
In base 13, what is -1 + -22cb3?
-22cb4
In base 10, what is 4 + -38753402?
-38753398
In base 8, what is -204642 - 447?
-205311
In base 3, what is -22 + -110110220221?
-110110221020
In base 2, what is -11000011011 - 1010011111111?
-1101100011010
In base 16, what is 1 + -6d58cea?
-6d58ce9
In base 15, what is a + 85d580c?
85d5817
In base 14, what is -c3d391 + -1?
-c3d392
In base 9, what is 413 + -10611?
-10187
In base 5, what is 41 + 20212121140?
20212121231
In base 16, what is 10ab4 + -270?
10844
In base 7, what is -11120 - -11260?
140
In base 11, what is 151789 + 150?
151929
In base 9, what is 286603 + 1542?
288245
In base 11, what is -1 - 1396539?
-139653a
In base 16, what is -6a + -473?
-4dd
In base 7, what is -14 - -1303112?
1303065
In base 5, what is 422114432 - 31?
422114401
In base 11, what is -17712 - -32a?
-17393
In base 10, what is -2565328 + 3?
-2565325
In base 7, what is 5156 + -2004404?
-1666215
In base 2, what is 101101110111100110 + -10011?
101101110111010011
In base 12, what is -57812 - 251?
-57a63
In base 14, what is -33a35 + a4?
-33971
In base 11, what is 4 + 1759530?
1759534
In base 9, what is 4504284 + 20?
4504314
In base 2, what is -10111110010001100 + -1101011?
-10111110011110111
In base 14, what is 45a9d86 - -2?
45a9d88
In base 9, what is 4 + 852831?
852835
In base 3, what is -12 + 212211011200?
212211011111
In base 2, what is -11 - 10001100100001001010100?
-10001100100001001010111
In base 2, what is 0 + 10000001110111100111111?
10000001110111100111111
In base 4, what is -102 - -332202203?
332202101
In base 6, what is -2204301505 + -12?
-2204301521
In base 12, what is b7a1a2 + -1?
b7a1a1
In base 12, what is b05 - -3a0?
12a5
In base 12, what is 17672a + -191?
176559
In base 15, what is -47 + -1390?
-13d7
In base 6, what is -240101 - -455022?
214521
In base 8, what is 40 - -547711?
547751
In base 3, what is -12021 + 102210212212?
102210200121
In base 3, what is -12022122 + -10211111?
-100011010
In base 15, what is 6 + 34b68?
34b6e
In base 15, what is 9 + 1786bcb?
1786bd5
In base 15, what is 380 - -5e8?
978
In base 12, what is -1037a05 - 5?
-1037a0a
In base 4, what is -1331 + -2201003233?
-2201011230
In base 15, what is -d27c9 - 1?
-d27ca
In base 10, what is 94822 - -40?
94862
In base 13, what is -aca9577 - -1?
-aca9576
In base 12, what is 5282 + -83b?
4643
In base 4, what is -1000 + -103332033?
-103333033
In base 2, what is -100100 + -100111110011011100?
-100111110100000000
In base 14, what is b724904 + 9?
b72490d
In base 12, what is -3049 + -21836?
-24883
In base 7, what is 15433005064 - -2?
15433005066
In base 15, what is 414 - 5d5c?
-5948
In base 12, what is -2818361 + -18?
-2818379
In base 10, what is -9151886 - -46?
-9151840
In base 8, what is -30745 - -544?
-30201
In base 9, what is 55618 + -2438?
53170
In base 6, what is -2 + -13013031202?
-13013031204
In base 8, what is 7 + 121725640?
121725647
In base 2, what is 1010101010011000111 - -1001?
1010101010011010000
In base 2, what is 1000001011011100110 - 100111?
1000001011010111111
In base 16, what is 71 - 25eb6?
-25e45
In base 10, what is -271 - 55339?
-55610
In base 3, what is -111122111101 + -1222?
-111122120100
In base 4, what is -121 + -1003010211303?
-1003010212030
In base 11, what is 7a007 + 1386?
80392
In base 8, what is -2235416 + -74?
-2235512
In base 3, what is 100010012102222101 + 10?
100010012102222111
In base 8, what is 16400 - -407?
17007
In base 4, what is 1121 - -203100332?
203102113
In base 4, what is -10 - 20210101010?
-20210101020
In base 11, what is -3244 + -1576?
-480a
In base 3, what is -201 - 220102002012?
-220102002220
In base 12, what is -1760351 + 11?
-1760340
In base 10, what is -12419749 + 4?
-12419745
In base 13, what is 4baa016 + -5?
4baa011
In base 11, what is -68852 + 1a?
-68833
In base 11, what is 3 + -25974124?
-25974121
In base 11, what is -44659 - 54?
-44702
In base 3, what is -201001221102001 + 12?
-201001221101212
In base 4, what is 1023130 - -10300?
1100030
In base 11, what is 5 - -2647668?
2647672
In base 7, what is -55333 - -3262?
-52041
In base 15, what is -6da78 + -27?
-6daa0
In base 5, what is -4 + 202030341224?
202030341220
In base 13, what is 42c31 - b68?
42096
In base 13, what is 31 - 1a6993?
-1a6962
In base 6, what is 1112451531 + 1?
1112451532
In base 16, what is -145e + cb0b?
b6ad
In base 16, what is -39e - -3af51?
3abb3
In base 7, what is -2465635344 + -1?
-2465635345
In base 5, what is 2144 - -124240?
131434
In base 6, what is -1413152 + 35314?
-1333434
In base 5, what is 1 + 13440002414?
13440002420
In base 10, what is -1093170 - -5?
-1093165
In base 9, what is -64 - 202628?
-202703
In base 7, what is 526365 + 1?
526366
In base 3, what is -100112202 - 100122101?
-201012010
In base 15, what is -482c4cb2 + -5?
-482c4cb7
In base 16, what is -3248 + 1172?
-20d6
In base 9, what is -1736 - -27372?
25535
In base 12, what is -67 + -44404?
-4446b
In base 7, what is -1334003 + -5350?
-1342353
In base 4, what is -3010 - -103321012?
103312002
In base 4, what is 2 - 10321011113020?
-10321011113012
In base 9, what is -3 + 4158351?
4158347
In base 2, what is 100100111101001000 + 100101?
100100111101101101
In base 14, what is 71a5 - a72?
6533
In base 13, what is 408 + -25380?
-24c75
In base 16, what is -1564e - -49?
-15605
In base 11, what is -16a - 1021?
-1190
In base 15, what is -41a - -8b909?
8b4de
In base 13, what is -3 - -854789?
854786
In base 12, what is -65 - 189aa86?
-189ab2b
In base 4, what is -3100 - 103000111?
-103003211
In base 8, what is 224 - -11022?
11246
In base 11, what is 2698 + 34888?
37475
In base 9, what is -138526 - -183?
-138333
In base 8, what is -1357455165 + -3?
-1357455170
In base 3, what is 12 + -11201100012112210?
-11201100012112121
In base 7, what is -21 + 423352255?
423352234
In base 2, what is -10000 + -11000000100100100101000100?
-11000000100100100101010100
In base 10, what is 5269 + 186231?
191500
In base 9, what is -110144 - -34?
-110110
In base 2, what is -1010110111000111 - -111000110?
-1010110000000001
In base 4, what is -1320 + -22101122?
-22103102
In base 2, what is 1100011101000111010101010 - -1?
1100011101000111010101011
In base 12, what is -144a56b - -3?
-144a568
In base 13, what is -c845 + -420?
-cc65
In base 14, what is -4a55a0b + 4?
-4a55a07
In base 6, what is -5 + 53401034540?
53401034531
In base 13, what is 3a193 + -c8?
3a098
In base 16, what is b3335f + -4?
b3335b
In base 2, what is 1001100010101010011 + -11110001?
1001100010001100010
In base 11, what is -98 - 2a8089?
-2a8176
In base 16, what is -1276 + -1f0?
-1466
In base 7, what is -344020144 - -10?
-344020134
In base 3, what is 2120211 + 1020102000?
1022222211
In base 14, what is 2 + 2c68848?
2c6884a
In base 15, what is -b502 - -a4?
-b44d
In base 5, what is 2204232431 - -1112?
2204234043
In base 8, what is 16 - -3067723?
3067741
In base 15, what is a00266 - -2?
a00268
In base 5, what is 204034343444 + 10?
204034344004
In base 6, what is 3 + -41420321544?
-41420321541
In base 6, what is 42 + -341240?
-341154
In base 14, what is -305 + 1898?
1593
In base 12, what is -16260 + 8a?
-16192
In base 13, what is 391 + 3817?
3ba8
In base 16, what is 2539 + -5f65?
-3a2c
In base 3, what is -20020 + -2022012001?
-2022102021
In base 3, what is 100022122010 + -10101?
100022111202
In base 3, what is 10211